base 5.
223442213
Convert 11526aa (base 12) to base 10.
3342946
What is -37686 (base 11) in base 13?
-1b7b6
6228a (base 11) to base 5
10401343
31300120 (base 5) to base 7
2130204
1450750 (base 9) to base 15
10c539
-6105043 (base 7) to base 10
-724447
What is 1cc9be (base 15) in base 6?
50113455
What is -75188 (base 11) in base 6?
-2202143
Convert 1015746 (base 8) to base 7.
2201043
Convert 43aa3 (base 13) to base 16.
1df22
What is 60188 (base 10) in base 11?
41247
734aa3 (base 11) to base 8
4374507
What is 18ac2c0 (base 13) in base 6?
445452313
What is -1011100000110100010 (base 2) in base 3?
-201011111020
15542 (base 8) to base 7
26303
What is 34314505 (base 6) in base 5?
232131410
What is 673232 (base 10) in base 12?
285728
Convert 81da (base 15) to base 6.
330554
Convert 217751 (base 9) to base 2.
11111110101000111
98244b (base 12) to base 11
13a62a5
Convert -67089 (base 10) to base 16.
-10611
What is -7253258 (base 10) in base 7?
-115436345
-5216052 (base 7) to base 13
-18c132
Convert 7a967b (base 14) to base 6.
225252141
What is -118300 (base 14) in base 7?
-5042500
What is 101201202112121 (base 3) in base 9?
11652477
-11011011001101010 (base 2) to base 15
-233c4
Convert -1e5dc (base 15) to base 4.
-120032013
Convert 11100100110100111000000 (base 2) to base 10.
7498176
What is 13110123100 (base 4) in base 6?
105042424
What is 5206615 (base 7) in base 4?
2120121133
39249 (base 16) to base 6
5003333
Convert -11201202000022 (base 3) to base 7.
-30241256
What is 1000001001001100011110 (base 2) in base 15?
2c280e
What is 3032031002 (base 4) in base 12?
348942
What is 322223303032 (base 4) in base 15?
153d23d
Convert -6c832 (base 15) to base 12.
-148355
-10021011222 (base 3) to base 8
-175436
Convert -206005 (base 9) to base 6.
-2343005
Convert b29b (base 12) to base 3.
222122002
-6b1687 (base 12) to base 8
-6446607
Convert -1056047 (base 8) to base 13.
-a0098
What is 11200320330 (base 4) in base 12?
598590
What is -1011101000101001011101 (base 2) in base 5?
-1240100302
What is -65a53 (base 14) in base 9?
-414710
Convert -100000010010000001010011 (base 2) to base 8.
-40220123
What is -1317899 (base 10) in base 15?
-1b074e
What is 289971b (base 12) in base 7?
126260042
-26b1b70 (base 12) to base 6
-432543420
Convert -6627664 (base 8) to base 4.
-12302332310
Convert -222001200201 (base 3) to base 7.
-4234414
-60535622 (base 7) to base 16
-4cd219
-373295 (base 14) to base 5
-441004024
What is -857ba (base 12) in base 5?
-21110203
Convert 10023302104 (base 5) to base 7.
150546362
Convert -467666 (base 8) to base 3.
-22010000201
Convert 331211123 (base 4) to base 13.
8aa7c
Convert 42554450 (base 6) to base 9.
2328573
What is -573520 (base 8) in base 16?
-2f750
9817 (base 16) to base 10
38935
What is 1400035512 (base 6) in base 3?
1011121121001222
Convert 3506703 (base 8) to base 2.
11101000110111000011
What is -100100011000111110001100 (base 2) in base 4?
-210120332030
What is 10241603 (base 7) in base 2?
11010011110001001001
-2349 (base 15) to base 3
-101021120
What is 1143014035 (base 6) in base 13?
290ab96
Convert 69876 (base 10) to base 16.
110f4
Convert 2124863 (base 13) to base 16.
99fede
2d39 (base 14) to base 9
12075
Convert 32a4 (base 13) to base 9.
10617
What is -137c0a (base 13) in base 7?
-4014033
-2110100201020 (base 3) to base 13
-369699
What is 7d91b (base 15) in base 6?
12325125
Convert 505ad (base 16) to base 10.
329133
703862 (base 13) to base 12
a58882
-8170664 (base 9) to base 8
-20475670
Convert 6612e7 (base 15) to base 12.
1766a0a
What is 1604773 (base 9) in base 8?
3310704
Convert -62660 (base 13) to base 15.
-37602
What is 13143151 (base 7) in base 2?
100100101111100101111
Convert -179957 (base 14) to base 15.
-116d68
What is 2525271 (base 10) in base 5?
1121302041
Convert -bc191 (base 14) to base 16.
-6f493
What is -644564 (base 7) in base 8?
-332755
-39e5 (base 16) to base 15
-45d1
3a42 (base 14) to base 5
312000
-89671 (base 10) to base 15
-1b881
What is 1100110001001001110100 (base 2) in base 6?
155423352
What is -40091 (base 10) in base 13?
-1532c
-1578773 (base 10) to base 13
-4337b1
-26225 (base 16) to base 11
-a7398
Convert -124143213 (base 5) to base 9.
-1137184
What is 3885890 (base 10) in base 7?
45013061
-410604 (base 9) to base 3
-110100200011
-34aa8b1 (base 12) to base 8
-46651205
-25042540 (base 7) to base 16
-224506
What is 37baa6 (base 12) in base 5?
213142342
Convert -11241450 (base 6) to base 8.
-1247106
45230 (base 11) to base 9
108751
-170ac (base 15) to base 8
-221254
What is -5256 (base 16) in base 5?
-1133303
-12000222210211 (base 3) to base 8
-12154014
What is 1854071 (base 9) in base 16?
fdd02
What is 782b30 (base 13) in base 4?
22303312213
Convert 33076 (base 12) to base 5.
4124412
Convert -1bccb5 (base 14) to base 13.
-28b370
305205c (base 13) to base 7
235222236
What is -263871 (base 11) in base 7?
-3345606
1000202202 (base 3) to base 2
100111100010011
Convert -b7db (base 15) to base 8.
-113772
What is 4200111 (base 6) in base 5?
22432334
-1cb9a6 (base 15) to base 4
-11113103211
-43241340 (base 5) to base 13
-cb873
-1010001011101100111000 (base 2) to base 10
-2669368
bf9f8 (base 16) to base 9
1425587
Convert 987c9 (base 16) to base 3.
1011201202210
Convert -30330113 (base 5) to base 2.
-111011111110011010
Convert -21414011 (base 5) to base 10.
-185506
What is -42170 (base 11) in base 3?
-10010020222
Convert 89190 (base 10) to base 4.
111301212
Convert -100503 (base 11) to base 14.
-42cb1
What is -5053015 (base 6) in base 3?
-110012210102
-3200234144 (base 5) to base 14
-c512dd
Convert -331a44 (base 11) to base 9.
-886506
Convert 2ff9 (base 16) to base 12.
7135
What is 631667 (base 9) in base 10?
375253
-11d9db0 (base 15) to base 3
-220011102100110
Convert 1919a9 (base 11) to base 8.
1100677
Convert -868cc (base 16) to base 10.
-551116
185323 (base 9) to base 6
2250250
Convert -343224 (base 9) to base 5.
-23041022
Convert -15400152 (base 8) to base 10.
-3539050
3100031 (base 4) to base 12
7865
What is -588601 (base 9) in base 7?
-3003136
Convert -1b6ab0 (base 13) to base 2.
-10101011000000111111
What is -526365 (base 7) in base 5?
-10403324
Convert 4472400 (base 8) to base 6.
41532000
3532842 (base 10) to base 9
6574130
-14520053 (base 7) to base 8
-5215146
Convert -13221111240 (base 5) to base 2.
-111111010000010110110110
What is -2aa57 (base 15) in base 12?
-67584
Convert -1e3ecf (base 16) to base 5.
-1001412114
Convert 655611 (base 7) to base 2.
11100000010110000
Convert -170a55 (base 16) to base 9.
-2751257
What is 203221000 (base 4) in base 14?
3b2b6
Convert -17226616 (base 8) to base 14.
-7651ca
Convert 200125 (base 8) to base 14.
19cb3
Convert -204100320 (base 6) to base 13.
-975717
Convert -119123 (base 11) to base 10.
-187817
Convert 154605 (base 8) to base 12.
28285
What is -210101122201 (base 3) in base 8?
-1466367
-fac5 (base 16) to base 9
-107050
-5e19 (base 16) to base 8
-57031
36105 (base 14) to base 16
20349
Convert 5786bc (base 13) to base 3.
10220102112221
Convert 14030321 (base 5) to base 12.
6a622
What is b6cbb (base 13) in base 16?
5073f
Convert 1bdfa (base 16) to base 4.
123313322
What is -175114 (base 9) in base 16?
-1a8ab
Convert 43797 (base 12) to base 16.
15ca3
Convert 1221002021022 (base 3) to base 13.
29b814
What is -3355201 (base 8) in base 7?
-10500645
1001002212 (base 3) to base 2
101000000001001
-1303221 (base 6) to base 5
-4230332
205603 (base 7) to base 9
53774
What is -262316 (base 8) in base 16?
-164ce
Convert -502ba (base 14) to base 7.
-1431423
Convert 173161 (base 11) to base 5.
32031334
-4183833 (base 10) to base 8
-17753431
1130320210 (base 4) to base 15
77ad7
1441222420 (base 5) to base 14
723910
11322123 (base 6) to base 9
587186
Convert a5331 (base 12) to base 6.
4350101
-9571 (base 16) to base 9
-57427
What is 1100240 (base 5) in base 3?
221211001
Convert 113064 (base 11) to base 10.
179755
What is c98544 (base 16) in base 9?
26758350
What is -3367502 (base 8) in base 7?
-10522305
What is c88c31 (base 14) in base 9?
13682034
Convert -11000000100101010 (base 2) to base 16.
-1812a
1b5963 (base 13) to base 9
1273482
Convert -19985015 (base 10) to base 2.
-1001100001111001001110111
What is -120122222022 (base 3) in base 8?
-1132174
Convert 302022020 (ba